the highest common divisor of 4 and g.
4
Suppose 113*l = 125*l - 252. What is the greatest common divisor of 1869 and l?
21
Suppose 16*c - 15*c - 207 = -k, 5*k = 3*c - 605. What is the greatest common divisor of 5 and c?
5
Let z(o) = o + 3. Let f be z(-5). Let b be 53/4 - f/(-8). Let m be (-26)/(-3)*(-75)/(-10). What is the greatest common divisor of m and b?
13
Let b(p) = 3 - 4 - 4 - 4*p - 1. Let g be b(-2). Suppose -v - 4*x = -2*v + 50, g*v = x + 79. Calculate the greatest common divisor of 19 and v.
19
Let i(y) = 4*y**2 - 8*y + 5. Let f be i(5). Suppose -x - f = -6*x. Suppose -276 - 192 = -9*z. Calculate the greatest common factor of x and z.
13
Suppose -3*j + 5*l = l - 89, 3*l + 61 = 2*j. Suppose v = -4*t + 22, 2*v + 2*t - j + 3 = 0. Calculate the greatest common factor of v and 3.
3
Suppose z = 3*z - 68. Let d(h) = h**2 + 10*h + 20. Let l be d(-8). Suppose -x = l*x - 425. What is the highest common divisor of x and z?
17
Let s(y) = 6*y - 10. Let j(w) = 7*w - 11. Let h(l) = -5*j(l) + 6*s(l). Let m be h(0). Let c be 71/8 - m/40. Calculate the greatest common factor of 81 and c.
9
Suppose -3*p + 2*p - 44 = -4*i, 16 = 3*i - 5*p. Let d = i + -14. Let s(h) = 69*h**2 + 2*h + 3. Let j be s(d). What is the greatest common factor of j and 25?
25
Let h = 3 + 20. Let n = h - 17. Let d be (2 - -43) + (6 - n). Calculate the greatest common factor of 9 and d.
9
Suppose -g - 4*g + 3*s + 51 = 0, 5*g = 4*s + 53. Suppose -352 = -g*w + 7*w. Calculate the highest common factor of 16 and w.
16
Let k = -4 + 6. Suppose k*z + 0*z + 2*q = 10, -5*q - 7 = -3*z. Suppose -273 = -z*c + 15. Calculate the greatest common divisor of 8 and c.
8
Let o be (3/(-4))/((-15)/740). What is the highest common factor of 1 and o?
1
Let b(g) = g**2 - 5*g + 30. Let c be b(6). Calculate the highest common divisor of c and 132.
12
Let f(a) = -2*a**3 + 20*a**2 - 17*a - 2. Let n be f(9). What is the greatest common divisor of n and 280?
7
Let o = 62 + -81. Let j(l) = -6*l + 73. Let a be j(o). Calculate the highest common divisor of 17 and a.
17
Let u be ((-4)/(-8))/((-2)/(-6))*2. Suppose 7*y - u = 46. Suppose -430 = -5*n - 45. What is the highest common divisor of n and y?
7
Let j(k) = 9*k - 5. Let p be j(6). Let i be 0 + 8 + -10 + (296 - 0). What is the highest common factor of i and p?
49
Suppose -26*i - 92 = -28*i - 4*d, i - 2*d - 26 = 0. What is the greatest common factor of i and 8?
4
Let x(m) = 2*m**2 + m - 79. Let k be x(13). What is the highest common factor of k and 17?
17
Let l be (-2 - 6) + 1 + -1. Let y be (33/22)/(3/l). Let u = y - -18. What is the greatest common divisor of 21 and u?
7
Let x = -61 - -83. Let i(r) = -2*r - 1. Let u be i(-3). Let z(h) = 2*h**3 - 6*h**2 + 7*h - 3. Let f be z(u). Calculate the highest common divisor of f and x.
22
Suppose -5*n + 4*v = -866, n - 8*v - 169 = -3*v. Calculate the highest common divisor of 6 and n.
6
Suppose 4*o - 4 = -0. Let i = 3 + o. Suppose -37 = -4*q - a, 3*a = 4*q - 43 - 6. Calculate the greatest common divisor of i and q.
2
Let x(d) = d + 5. Let m be x(7). Let u(q) = 24*q + 240. Let s be u(-9). What is the greatest common factor of m and s?
12
Let k(l) = -l**3 + 8*l**2 - 12*l + 3. Suppose -5 + 0 = -w. Let z be k(w). Calculate the greatest common divisor of 54 and z.
18
Suppose 720 = 5*a + 4*j, -4*a - 337 + 877 = -4*j. What is the highest common divisor of 100 and a?
20
Let t be ((-2)/10)/(-6 - (-413)/70). Let p be -2 + t - 70/(-1). Calculate the highest common divisor of p and 28.
14
Let t = -170 - -330. Calculate the greatest common factor of t and 352.
32
Suppose 0 = 6*v + 26 - 98. Calculate the highest common divisor of 12 and v.
12
Let g be ((-1)/3)/((-3)/36). Suppose w + 2*m = -0*w + 22, -m - g = 0. Let z be -8*(-2 + 20/16). Calculate the highest common factor of w and z.
6
Suppose -3*u + 1001 = 5*y, 2*u - 125 = 2*y + 521. Suppose -8*b = -681 - u. Calculate the highest common factor of b and 14.
14
Let d(h) = -h**2 + 10*h + 3. Let m be d(9). What is the highest common divisor of 36 and m?
12
Let d be (-633)/(-15) + -1 - 8/(-10). What is the highest common factor of 12 and d?
6
Let i = 182 + -106. What is the highest common factor of 20 and i?
4
Suppose 3*k = 6 - 9. Let g(f) = 3*f + 5. Let u be g(k). Let w be (-78)/(-4) - (-2)/4. Calculate the greatest common factor of u and w.
2
Suppose 0*v + 26 = 2*v. Let s(l) = 26 + 4*l - 52 + 5*l + 17 + 5*l**2. Let h be s(-6). Calculate the greatest common divisor of v and h.
13
Let o(g) = -g + 25. Let c(z) = 2*z**2 - 12*z + 9. Let w be c(6). Let a be o(w). What is the greatest common factor of a and 64?
16
Suppose 23*j - 899 = 297. Calculate the greatest common factor of j and 390.
26
Let q(f) = f**3 - 2*f + 1. Let j be q(2). Suppose j*b - 25 = -5, -61 = 5*a + b. Let o = a - -22. Calculate the highest common divisor of 18 and o.
9
Let z(q) = 19*q + 24. Let s be z(-1). Suppose 0 = 2*i - 49 - 391. Suppose -i = -3*c - c. What is the highest common divisor of s and c?
5
Let q(t) = -t + 17. Suppose 26 = -0*x + 2*x. Let a be q(x). Suppose 6 - 30 = -a*b. Calculate the greatest common divisor of b and 66.
6
Let m(l) = 87*l - 1. Let n be m(-1). Let t = -76 - n. What is the greatest common divisor of 12 and t?
12
Let x be 8/1 + (-9)/3. Suppose 2*i - x*i - 2*t + 100 = 0, 4*i - t - 115 = 0. What is the greatest common factor of 330 and i?
30
Let x be 40/(-15)*(-6)/8. What is the highest common divisor of x and 16?
2
Suppose 0*v + v = 3*i - 2, 0 = 2*v + i - 10. Suppose -3*s + v*s + 84 = 3*c, c = -5*s + 44. Calculate the greatest common factor of c and 319.
29
Let w(l) = 3*l - 3. Let p be w(3). Let z(j) = -3*j**2 + 904*j - 904*j + j**3. Let m be z(p). What is the greatest common factor of m and 12?
12
Let n(q) = -27*q - 782. Let h be n(-30). Let u = -41 - -265. Calculate the highest common divisor of u and h.
28
Let h be 1*25/(-15)*3. Let q(n) = -n + 6. Let k be q(h). Calculate the highest common divisor of 121 and k.
11
Let p(v) = v**3 + 12*v**2 + 13*v + 26. Let m be p(-11). Suppose -17 = -m*n - 1. What is the greatest common divisor of 1 and n?
1
Let f be (-2)/((-2)/(-153)) - (6 - 3). Let b = 343 + f. Calculate the highest common factor of 17 and b.
17
Let u be 5137/7 + -4 + 6/(-7). Calculate the highest common divisor of 9 and u.
9
Suppose -160 = 5*j - 30. Let p = j - -49. Calculate the highest common factor of 184 and p.
23
Suppose 0 = -y - z, -2*y + z = -2*z - 5. What is the greatest common divisor of 1 and y?
1
Let y be (4 + -2 - 3)/((-2)/(-32)). Let j be 4/y - (-15)/12 - -13. Calculate the greatest common divisor of 35 and j.
7
Suppose -2*b - 5*m + 14 = 0, -2*m - 6 = -4*b - 2. Suppose 4*f - t - 20 = 0, 0 = -b*t + 4 + 4. Calculate the highest common factor of 18 and f.
6
Let o be (-1405)/(-5) + 3 - 4. What is the greatest common factor of 8 and o?
8
Suppose -378 = -3*a + 459. Let p = -106 + 49. Let k = -26 - p. Calculate the greatest common factor of a and k.
31
Let z(v) = -v**2 - 5*v - 6. Let r be z(-6). Let l = r + 22. Let k be 2 - (-110 - 4/(-2)). What is the greatest common factor of k and l?
10
Suppose -3*q = -37*l + 36*l + 2, 5*l = 4*q + 65. What is the greatest common factor of 459 and l?
17
Suppose -4*u - j + 65 = u, 3*j - 13 = -u. Let z be (-51 + 50)*(13*-1)/1. What is the greatest common factor of z and u?
13
Let f(n) = 6*n + 19. Let p(o) = -2*o - 6. Let s(v) = 3*f(v) + 8*p(v). Let m be s(3). What is the greatest common divisor of 3 and m?
3
Let z be (147/(-14))/(6/(-40)). Suppose 373*j + 168 = 385*j. Calculate the highest common divisor of j and z.
14
Suppose -5*g - 3*q + 78 = 16, -4*q = 4*g - 48. Calculate the highest common factor of g and 143.
13
Suppose -4*d + 54 = 6. Let q = 24 - 12. Calculate the highest common divisor of q and d.
12
Let c be (0 - 1/2)*0. Suppose 1 = w - c. Let o be -19 - -128 - (-2 + w). Calculate the highest common factor of o and 10.
10
Suppose 0 = s - 5*g - 52, 5*s - 82 = 3*g + 90. Calculate the greatest common factor of 56 and s.
8
Let b = 271 - -299. Suppose l = -d + b, 1713 = 3*l + 2*d - 0*d. Suppose -8*v + 227 = -l. Calculate the greatest common divisor of v and 20.
20
Suppose 2*j + 0*j + 4 = 0. Let b = j + 7. Suppose 4*p = -b*h + 276, 6*p = -h + 3*p + 53. Calculate the greatest common factor of h and 8.
8
Suppose -216*d + 75 = -211*d + 5*u, 3*u 